137536. Is i a prime number?
True
Suppose -7*b = 14 - 28. Suppose 22409 = 2*q - q + 4*r, 0 = -b*r - 10. Is q a prime number?
False
Let t be (-126)/(-26) - 10/(-65). Let u be 40/(-16)*18/t. Is u/27 - 574/(-3) a prime number?
True
Let z(k) = -2*k - 23*k**2 - 7 + 34*k**2 + 6 - 4*k. Let t(h) = h**3 + 7*h**2 - 6*h + 10. Let m be t(-8). Is z(m) prime?
True
Let b(v) = 85*v**2 - 32*v + 7. Let w be b(13). Suppose -15*p + 13329 + w = 0. Is p a prime number?
False
Let q be ((-340)/4 - 5)/(6/212). Is 11/((-33)/q) + 1 a prime number?
True
Let l = 319 - 1044. Suppose -o = 4*c + 3*o - 5892, 3*o - 7355 = -5*c. Let m = c + l. Is m a prime number?
True
Let v = -114904 + 242795. Is v composite?
True
Suppose -5*t = -23 - 2. Suppose -t*f - c = -7, -4*f - 4*c - 18 = -7*f. Suppose 206 = f*h - 228. Is h prime?
False
Suppose -2*p + 4 = -6. Suppose p*n + 2*w = 1316, -w = 3*n - 507 - 282. Suppose -n = -5*f + 3*f. Is f a prime number?
True
Suppose 5*a - 8 = a. Suppose -3*c - 6769 = -2*r, -5*r + a*c + 15141 = -1798. Is r a composite number?
False
Suppose 35*n - 28436 + 16463 - 38392 = 0. Is n composite?
False
Suppose 72*s = 70*s + 8662. Let t = s + -2402. Is t a prime number?
False
Suppose -210303 = -y + 5*m, -8*y + 2*m + 630857 = -5*y. Is y a prime number?
True
Is ((-1)/(1/194))/(8 - (-41814)/(-5221)) composite?
True
Let a(d) = 8183*d**2 - 8*d + 3. Let i be a(2). Let k = i - 14378. Is k prime?
True
Suppose 6*m + 31271 = 10*m - 5*u, -3*u = 4*m - 31247. Suppose 20*s = 18*s + m. Is s a prime number?
True
Let t(q) = q**3 + 84*q**2 - 141*q - 697. Is t(-72) prime?
True
Let t = -45 + 25. Let x(c) = -8*c + 19. Let l(s) = 15*s - 37. Let y(h) = 6*l(h) + 13*x(h). Is y(t) prime?
False
Suppose 2*w + 31 = d + 3, 2*d - 3*w - 51 = 0. Let c(r) = 472*r - 167. Is c(d) prime?
True
Suppose -66*j = 5*h - 70*j - 1435515, 2*j + 287097 = h. Is h a composite number?
False
Suppose -142*g = -14*g - 28913792. Is g a prime number?
True
Let t(a) = -a**3 + 13*a**2 + 18*a - 43. Let l be t(10). Suppose 4*m - l + 27806 = b, 2*b - 3*m = 54748. Is b composite?
True
Let t be (-6)/(-15) - (-15)/25. Suppose -m + t = 2*z, 5*z - m - 4*m = 40. Suppose -6*l = -z*l - 753. Is l a composite number?
False
Suppose -o - 4*u = -0*o - 22, 12 = 3*u. Is (4514792/16)/17 - o/4 prime?
False
Suppose -4*a + 21257 = -2*x - 39587, a + 3*x - 15204 = 0. Suppose 5*z - 4*g = 24893, -5*z + 2*g + 9689 + a = 0. Is z prime?
False
Let k be 60/(-8)*54/81. Is (5/k)/((-13)/54301) a composite number?
False
Let d be 352/28 - 18/(-42). Suppose 4847 = -d*w + 66766. Is w a prime number?
False
Suppose 4*v + g = 34856, -19*g = v - 17*g - 8721. Is v prime?
True
Suppose 5*h = 2*w - 400004, 2*w + 4*h - 599983 = -w. Is w a prime number?
False
Suppose -4*m - m + 4*a + 69823 = 0, 4*a - 27918 = -2*m. Is m a prime number?
True
Suppose -3*h - 3 = 2*g - 2*h, 3*h = 5*g - 20. Let q be g/2*-1*-9038. Let y = q + -2402. Is y prime?
False
Let v(a) = -194*a - 19. Suppose 57 = -7*w - 34. Is v(w) prime?
True
Suppose -3*a = 492*r - 490*r - 480667, 0 = -3*r - 4*a + 721003. Is r composite?
False
Let f(b) = -10641*b + 5863. Is f(-18) a composite number?
True
Is 20/(-32)*2 - (-16403688)/32 composite?
True
Suppose -6*m + m - 9540 = -5*g, 4*g + 5*m - 7614 = 0. Let k be (3*(-4)/9)/(2/(-3)). Suppose 0 = k*l - 0*l - g. Is l composite?
False
Let s = 1914 - -27887. Is s a prime number?
False
Let t(l) = -282*l + 5. Suppose -64 + 225 = -7*h. Let q = h - -16. Is t(q) prime?
True
Let d be (-3)/12 + 3698/8. Let f(h) = -19*h + 142. Let a be f(-7). Let t = d - a. Is t composite?
True
Let v(c) = -119*c**3 - 32*c**2 - 26*c - 175. Is v(-22) a prime number?
True
Let r(w) = w**3 + 21*w**2 - 21*w + 12. Let g be r(-22). Let z be (-8 + -12)/(g/4 + 2). Let n = 99 - z. Is n a prime number?
True
Suppose 4*q = -4*r + 1071920, 0 = -2*r + 3*q + 459803 + 76172. Is r a composite number?
True
Let b(q) = q**2 + 28*q + 81. Let k(y) = 58 + 8 + 0*y**2 + 2*y**2 + 57*y + 96. Let f(n) = 5*b(n) - 3*k(n). Is f(-20) a prime number?
True
Suppose -w = -11 + 1. Let f be (10 - w)/(2 + -1 + 0). Suppose f*n - 2*n + 382 = 0. Is n a prime number?
True
Let g = 15 + -6. Let z(s) = s**2 - 9*s - 1. Let d be z(g). Let y(c) = 84*c**2 + 3*c + 2. Is y(d) prime?
True
Let b = -291 + 206. Is 1/(-5) - 261732/b composite?
False
Suppose 143*d - 5697774 = -1779145. Is d composite?
True
Suppose 3*t + 3338 = -964. Let f = 688 - t. Is f a composite number?
True
Let n(m) = 163*m**2 + 56*m + 62. Is n(-15) composite?
False
Let a = 390 + -387. Is 1422*a - (2 - -7)/(-3) a composite number?
True
Let h = -289 - -22902. Is h a prime number?
True
Let a be 2*(4 - (-18)/4). Suppose m - a = -4*h + 9*h, 2*m + 8 = -4*h. Is (-60)/40*2/h + 316 composite?
False
Let p(q) = q**2 - 15*q + 51. Let r be p(10). Let b(g) = 258*g - 1. Is b(r) prime?
True
Suppose 20208*n + 660850 = 20218*n. Is n a prime number?
False
Let k(d) = -2*d**3 + d**2 - 3*d + 6. Let t be k(-5). Let n(c) = -c**2 + 35*c - 212. Let f be n(8). Suppose f*z - 1140 = t. Is z a composite number?
False
Let d(t) = 4766*t**2 + 57*t + 765. Is d(-16) a prime number?
True
Let b(o) = -5*o - 18. Let l be b(-5). Let i be (-78)/(-42) + 1/l + 67. Suppose -i - 33 = -2*r. Is r a prime number?
False
Suppose 0 = -4*x - 20, 142824 = l - x - 132426. Is l a prime number?
False
Let t(h) = -h**3 + h**2 + 4*h + 1. Let g = -18 - -22. Let m = 0 - g. Is t(m) prime?
False
Is ((-6)/((-552)/(-391)))/((-1)/33788) prime?
False
Let x(v) = -54*v**2 + 13*v + 27. Let f(m) = 161*m**2 - 40*m - 80. Let h(w) = -2*f(w) - 7*x(w). Is h(-4) a prime number?
True
Suppose -5*k - 12800 = 3*l, 2*k - k - 21352 = 5*l. Let h = 6177 + l. Is h a prime number?
True
Let q be 5054*((-25)/10 + 3). Let m = q - -2532. Is m a prime number?
True
Let n = 149585 + -43984. Is n a composite number?
False
Suppose -4*b - b + 90 = -5*z, 3*z = -b + 6. Suppose 0 = 5*j - 10 - b. Suppose -i - 12850 = -j*g, -2*g = -3*g - 4*i + 2549. Is g a prime number?
False
Let a be ((-10812)/(-18))/((-20)/30). Is (-13858)/(-6) - (a/(-51) - 17) a composite number?
False
Let w(r) be the first derivative of -7*r - r**3 - 27/4*r**4 + 14 - 3*r**2. Is w(-3) a prime number?
False
Suppose b - 6 = -1. Suppose -b*y + 62 = -5*t + 3032, t = 4*y + 588. Suppose t = -r + 5*r. Is r a composite number?
False
Let z be 0/(68/18 - (-28)/126). Suppose z = 23*k - 28*k + 43535. Is k a composite number?
False
Let v = 3638 - -1638. Let j = v + 1557. Is j a prime number?
True
Let c(b) = 28773*b - 11548. Is c(5) a prime number?
False
Let f = -109188 + 232955. Is f prime?
False
Suppose 78 = -7*y + 43877. Suppose -40139 = -4*s + y. Is s composite?
True
Suppose 3*a - 28 = -4*x, 5*a - 32 = -x - 2*x. Suppose -2*r + 7*g + 1271 = 10*g, 4*r - 2536 = -x*g. Is r prime?
True
Let l = 446 + -767. Suppose 0*d = 3*d - 1398. Let i = l + d. Is i prime?
False
Let h(v) = 9413*v + 2976. Is h(11) a prime number?
False
Let g(y) = -5*y**2 - 96*y**3 - y**2 - 9*y + 0*y**2 + 2 - 4*y**2. Is g(-3) composite?
False
Let s = 114063 + -74084. Is s prime?
True
Let d = -808 + 1008. Is 100/d + (-3621)/(-2) a prime number?
True
Suppose 3*u - 2*b + 2644 = 0, -2 = -b + 3*b. Let v be 8/28 + 12045/7. Let d = u + v. Is d prime?
True
Suppose 4*p + 5*d - 2001952 = 246626, -3*p = 4*d - 1686433. Is p a prime number?
True
Let h(r) = -46*r + 3. Suppose 4*i - 87 = -2*g + 19, 15 = 5*i. Let z = g + -48. Is h(z) a composite number?
True
Suppose 21*z - 5447771 = -14*z - 14*z. Is z a prime number?
False
Let d = -149170 + 415325. Is d a composite number?
True
Let m = 33 + -52. Let d = -17 - m. Suppose 0 = -d*t - r + 1597, 4168 - 967 = 4*t - 5*r. Is t a composite number?
True
Is (4 - (-15)/(-4))/((-1)/(-16364)) a composite number?
False
Let n(w) = 289*w**2 + 50*w + 572. Is n(25) prime?
False
Suppose 0 = 2*j + 2160 + 16516. Let h = 14593 + j. Is h prime?
False
Let o(g) = 4632*g**2 + 131*g + 891. Is o(-8) composite?
True
Let z(u) = 176*u**2 - u. Let v be z(1). Suppose -v = -2*t + 2607. Is t a composite number?
True
Let l = -198304 + 451867. Is l prime?
False
Suppose 0 = o - 3*t - 50843, -181*o + 101716 = -179*o - t. Is o a prime number?
False
Let m(q) = -273*q**3 - 38*q**2 - 35*q - 41. Is m(-15) a composite number?
False
Let d = -294 + 334. Suppose -d*l + 136185 = -16655. Is l a prime number?
True
Let w(o) = 90*o - 61. Let k be w(12). Let t = k + 50. Is t a 